at is the thousands digit of (-3 + (-44)/(-14))*0/13 + 3416?
3
What is the tens digit of 301*17/34*(101 - 1)?
5
Let t(m) = 6*m - 46. Let d be t(8). What is the hundreds digit of d/6*-1 + 3848/6?
6
Let q(m) be the first derivative of 2*m**3/3 - 45*m**2/2 + 7*m - 165. What is the units digit of q(31)?
4
Let g(v) = 14*v - 2. Let a be g(-3). Let d be ((-105)/20)/7 + 279/4. Let u = a + d. What is the tens digit of u?
2
Let j(s) = 6217*s - 7. What is the hundreds digit of j(1)?
2
Let h be (36/(-30))/(6/(-10)). Suppose 7*k + 5*d - 345 = h*k, -5*d = -2*k + 152. What is the tens digit of k?
7
Let z be (-1 + 1)/(6 - 5). Suppose -23*j + 26*j - 6 = z. Suppose -2*o + 3*o - j = 0, 74 = 2*s - 4*o. What is the tens digit of s?
4
Suppose 0 = 2*i + 2 - 32. Suppose -i*k = -106 - 59. Suppose -f + k*f = 560. What is the units digit of f?
6
Let x = -38 - -2. What is the tens digit of -15*(-1 + 0)*(-984)/x?
1
Let t be 9/((-12)/(-8) + -2). Let s be t/(-4)*2/3 - -1. Let c(j) = 14*j - 8. What is the units digit of c(s)?
8
What is the units digit of -3 - 2 - ((-75676)/16 - 15/(-20))?
4
Let j(r) = -2*r**2 - 2*r + 7. Let f be j(-3). Let n(a) = 3*a + 17. Let w be n(f). Suppose -w*x = -4*x + 170. What is the units digit of x?
5
Suppose 0 = -12*r - 9 + 69. Let f(x) = 21*x**2 + 9*x - 25. What is the units digit of f(r)?
5
Let d(x) = x**3 + 4*x**2 - 4. Let z be d(-3). Suppose 2*u + z*y = 228, 2*y - 115 = -0*u - u. Let v = u - -157. What is the hundreds digit of v?
2
Suppose q - 83*q - 25*q = -2222711. What is the ten thousands digit of q?
2
Let j be 0 - (-6)/2 - 11/11. What is the tens digit of 1/(j/(-2040)*-5)?
0
Let r = -2443 - -2835. Suppose -5*k = 4*w + 5, 0 = -0*k + 5*k + 5. Suppose -z - 128 + r = w. What is the hundreds digit of z?
2
Suppose 3*l - b = 2495, -2*l + 1678 = 12*b - 9*b. Let y = 893 - l. What is the units digit of y?
0
Let b be -1*(1 + 2) + (3 - 1). Let c(k) be the first derivative of 38*k**3/3 + k**2 + k + 4. What is the units digit of c(b)?
7
What is the hundreds digit of 4/(-2)*201700/(-40)?
0
Let j be 11188/6 + 5 + 126/(-27). Suppose -3*r - w + 2770 = 0, 0 = -0*r + 2*r - 3*w - j. What is the units digit of r?
5
Let s(l) = -l**3 + 8*l**2 + 8*l + 17. Let q be (1 + -7)/(63/(-42)). Suppose 0 = q*i - n - 33, 4*n - 41 = -3*i - 2. What is the units digit of s(i)?
8
Suppose 0 = -13*l + 35627 + 199244. What is the units digit of l?
7
Suppose -4*t + 5*n = 216, -14 - 238 = 4*t + 4*n. Let g = t - -24. Let y = g - -38. What is the units digit of y?
3
Let i = -19 + 13. Let c(a) be the third derivative of -11*a**4/12 + a**3 - 163*a**2. What is the tens digit of c(i)?
3
Let n(l) = -3042*l - 6471. What is the tens digit of n(-5)?
3
Suppose 17*v - 20*v = 60*v - 403704. What is the tens digit of v?
0
Let s(m) = 131*m**2 - 28*m + 100. Let z be s(20). Suppose -z = -50*t + 15*t. What is the thousands digit of t?
1
Suppose 5*b + 3*y + 24 = 0, 0 = -4*b - b + y - 12. Let i be (-134)/(-14) + ((-36)/(-21))/b. Suppose -24 = -i*c + 5*c. What is the units digit of c?
6
Let x(m) = 26*m + 11. Suppose -q + 10 = 6. Let h be x(q). Let v = -30 + h. What is the units digit of v?
5
What is the units digit of 541922808/15652 + 10/13 + -1?
3
Let c(o) = 0*o**3 + 2 + 7*o**2 - o**3 - 10 + 7*o**2 + 9*o. What is the units digit of c(14)?
8
Suppose 2*z = -5*k + 23, 2*z + 2*k - 1 - 13 = 0. Suppose 7*p - z*p = 1149. What is the units digit of p?
3
Let t(z) = -z**3 + 102*z**2 + 833*z - 173. What is the ten thousands digit of t(108)?
1
Suppose -1265 = 8*r - 16001. What is the units digit of r/(-8)*(-4)/3?
7
Let n be (8 - -122)/(4/(-58)). What is the hundreds digit of (-3)/((-5640)/n - 3)?
3
Suppose 0 = -12*l + 8*l + 3*w + 5, 4*l + 4*w = 40. Suppose -7873 = -l*f - 2688. What is the units digit of f?
7
Let n = 7 - 7. Suppose 5*a + 25 = n, -4*u - a + 2780 = 3*a. What is the hundreds digit of u?
7
Suppose k + 1490 = 2*o, -3 = -2*k + 1. Suppose -3*i + o + 667 = 0. What is the units digit of i?
1
Let t = 1 - -23. Let u(d) = -d**2 + 29*d - 54. Let i be u(27). Suppose k + 4*k + 2*r - 33 = i, -4*k = r - t. What is the units digit of k?
5
Suppose 0 = -4*c + 5*v - 83, -v = -5*c - 86 - 2. Let i(t) = t + 22. Let l be i(c). Suppose k - 133 = -b + 2*k, l*b + 2*k = 700. What is the tens digit of b?
3
Suppose -5*v = -29*n + 31*n - 16715, -5*n = -v + 3370. What is the thousands digit of v?
3
Suppose 9*a - 5*a = -8. Let l be 5 + (-3 + 3)/a. Suppose 0 = x - 5*t - 42, -l*t = -3*x - 10*t + 166. What is the tens digit of x?
5
Let w = -26367 - -61141. What is the thousands digit of w?
4
Let a = 6620 + 17800. What is the hundreds digit of a?
4
Let l(g) = g + 48. Let k be l(-7). Let w(i) = 9*i - 29 + 44 - k. What is the tens digit of w(10)?
6
Let f = 2836 - 1477. Suppose u = 0, -2*m + f - 15 = -2*u. What is the hundreds digit of m?
6
Suppose 10*u - 26 - 94 = 0. What is the hundreds digit of (-52)/u + 4 - 1790/(-6)?
2
Suppose 2*h + 14 = -5*l, h = 4*l - 3*l + 7. Suppose -h*z + 2841 = 2*q, z - 1437 = -q - 490. What is the hundreds digit of z?
9
Let w be -3 - (22/(-2) - 3). Suppose 12*q - 551 = w*q. Suppose 8*t + q - 1831 = 0. What is the units digit of t?
0
Let p(h) = -h**3 + 11*h**2 + 18*h - 165. Let g be p(11). What is the units digit of -1*3343/(-3) - 11/g?
4
Let k(r) be the third derivative of 77*r**4/24 + 29*r**3/6 - 18*r**2. Let a be k(12). Suppose -391 = -8*b + a. What is the tens digit of b?
6
Let q = 532 - 504. Suppose -23*j + q*j - s = 1504, 0 = s - 1. What is the hundreds digit of j?
3
Suppose 3*c - h + 0*h = 275, -2*c + 3*h = -195. Let j be 20/c - -826*(-1)/(-9). Suppose -2*b + 2*n + 94 = 6*n, 3*n = -2*b + j. What is the tens digit of b?
4
Let b(v) = 6*v**2 - 162*v - 274. What is the units digit of b(59)?
4
Let w = -197 - -233. Suppose w = -9*g + 13*g. What is the units digit of g?
9
Let o(a) = -a**3 - 4*a**2 - 6*a + 117. What is the tens digit of o(-12)?
4
Let y = 22642 + -16596. What is the units digit of y?
6
Let i(x) = 22 - 5 + 23 - 5*x + 3. Let w be i(8). Let h(o) = 64*o - 3. What is the units digit of h(w)?
9
Let x(o) = 6*o**2 - 53*o + 542. What is the units digit of x(23)?
7
Let l be (9 + 2)*(-3 - -25). Suppose l = q + 3*y, -10 = -y + 6*y. What is the units digit of q?
8
Let k(q) = q**3 - 2*q**2 - 25*q + 1. Let c = -27 + 37. Let y be k(c). Suppose 0 = 5*u + 4*w - y, 5*u = -0*u + 5*w + 560. What is the units digit of u?
1
Suppose 2*j = 103 + 15. Let z be -42 + 36 - (1 - 177). Suppose h - 4*x = j, 2*h - x + 6*x = z. What is the tens digit of h?
7
Let r = 42606 + -25419. What is the units digit of r?
7
Let h = -524 - -765. Let k = 419 - h. What is the tens digit of k?
7
Let o(z) = 77*z**2 + 57*z - 68. What is the hundreds digit of o(4)?
3
Let i be 12/(-8) - (1 - 789/6). What is the hundreds digit of (i/4)/(-3)*(-1040)/20?
5
Suppose -3*p + 19407 = -2*b, -530*p = -525*p - 2*b - 32353. What is the hundreds digit of p?
4
What is the units digit of -3*49496/32*-4?
1
Let f be 4 - (1 - (2 - 3)). Let s(q) = 7*q**f + 2 - q - q + q**3 - 2 + 4. What is the units digit of s(-5)?
4
What is the ten thousands digit of (-173292)/(-4)*3/9?
1
Suppose 0 = -4*l - g + 68973, -5*l + 46*g + 86217 = 48*g. What is the thousands digit of l?
7
Let c = -10010 + 24874. What is the hundreds digit of c?
8
Suppose 11 - 1 = z. Let p(c) = c**2 - 10*c + 20. What is the units digit of p(z)?
0
Let a = -169 - -4. Let f = -74 - a. What is the tens digit of f?
9
Let a be 4/(-10) - (-360582)/30. Suppose 30*t - a = -4939. What is the tens digit of t?
3
Suppose 2*s - 35 = t, 3*s - 23 = 5*t + 40. Suppose -15*h = -s*h - 66. Let a = 123 + h. What is the tens digit of a?
5
Let w(l) = -l**2 + 3*l + 7. Let n be w(-3). Let f = n - -15. Suppose -510 = f*i - 9*i. What is the hundreds digit of i?
1
Let j(q) = q**3 + 10*q**2 + 42*q + 47. Let u be j(-11). Suppose 3*f - 4*z + 1033 = 0, 2*f = -z - 998 + 291. Let m = f - u. What is the units digit of m?
5
Let a = -94 + 99. Suppose -z = -2, -a*n + 4*z + 0 = -7. What is the units digit of 1115/4 + -1*n/4?
8
Let p = -6076 - -49972. What is the ten thousands digit of p?
4
Let l = 78 - -201. Suppose 0 = -14*m + 113 + l. Suppose -m = -2*v + 10. What is the tens digit of v?
1
Let j = -17221 + 25636. What is the thousands digit of j?
8
Let x(f) = -1 - 61*f + 6*f + 20*f. What is the tens digit of x(-15)?
2
What is the units dig